umber?
True
Is 1930149539 a composite number?
False
Is 593114941 composite?
False
Is 118103664317 a composite number?
False
Is 16903368479 a prime number?
True
Is 277713913 a prime number?
False
Is 207330089893 composite?
False
Is 935047415 composite?
True
Is 4994345509 a composite number?
False
Is 42420487861 composite?
True
Is 5848526863 prime?
False
Is 296983037 composite?
True
Is 569478491 prime?
True
Is 4715626709 composite?
True
Is 55268397233 a composite number?
True
Is 961187189 composite?
False
Is 156877759 a composite number?
True
Is 3573840229 a prime number?
False
Is 3704429471 a composite number?
True
Is 36469419037 prime?
True
Is 2251861967 composite?
False
Is 31373893 a composite number?
False
Is 3332497739 a composite number?
True
Is 1051308499 composite?
False
Is 631682713 a prime number?
True
Is 124178801 a prime number?
True
Is 5023080187 a composite number?
True
Is 2448328573 a composite number?
False
Is 5867361547 composite?
False
Is 17448299959 prime?
False
Is 5003870849 composite?
False
Is 4019060249 composite?
False
Is 38470884943 prime?
True
Is 947148661 a composite number?
False
Is 2381159069 a prime number?
True
Is 93079164149 a composite number?
False
Is 16933966051 a prime number?
False
Is 328071169 composite?
True
Is 13468271309 prime?
True
Is 2925358781 prime?
True
Is 2475820379 a composite number?
False
Is 301441417 prime?
False
Is 24584088189 a prime number?
False
Is 364210241 a composite number?
False
Is 1386791207 composite?
True
Is 1158739331 a composite number?
True
Is 50875228819 a composite number?
True
Is 904090111 a composite number?
False
Is 52343759885 prime?
False
Is 81296543 composite?
False
Is 137248686605 a composite number?
True
Is 995961251 prime?
False
Is 185325923 composite?
False
Is 57916307 a prime number?
True
Is 92218783991 a prime number?
True
Is 67866865834 composite?
True
Is 10704334031 prime?
True
Is 47399568703 a composite number?
True
Is 6826210343 a composite number?
False
Is 2085864397 a prime number?
True
Is 226847939 a composite number?
False
Is 125071696117 a prime number?
True
Is 3828299213 a composite number?
True
Is 21393701579 composite?
True
Is 60849914639 a prime number?
True
Is 2070747461 prime?
True
Is 455580107 composite?
True
Is 4726910569 composite?
True
Is 75135827441 a composite number?
False
Is 56967122747 a composite number?
True
Is 921784377935 a prime number?
False
Is 80784684643 a composite number?
True
Is 326722549 a prime number?
True
Is 673768562 composite?
True
Is 2279449363 a prime number?
False
Is 118619932523 a composite number?
False
Is 2085449969 a prime number?
True
Is 162231744163 a composite number?
False
Is 130827511621 a prime number?
True
Is 836313461 a composite number?
False
Is 536994119 prime?
True
Is 1648130045 a prime number?
False
Is 669896707 a composite number?
False
Is 334411057 a prime number?
False
Is 74557131409 a composite number?
False
Is 465293819 a prime number?
True
Is 354154907 prime?
True
Is 134622403 a prime number?
True
Is 14179951 a composite number?
True
Is 4983679387 a prime number?
False
Is 143896941139 prime?
False
Is 1540453949 composite?
False
Is 25316739053 a prime number?
False
Is 1003546597 prime?
False
Is 103653665393 a composite number?
False
Is 4126032653 a composite number?
False
Is 638403541 prime?
False
Is 65544733 prime?
False
Is 13469090623 a prime number?
False
Is 24249657347 a composite number?
False
Is 1265675269 prime?
False
Is 600898147 a composite number?
False
Is 1060695817 composite?
False
Is 3071525777 a composite number?
True
Is 18590277809 prime?
False
Is 25529997017 prime?
False
Is 17261569343 a prime number?
False
Is 1859631527 prime?
False
Is 2148205603 prime?
True
Is 86976628799 prime?
False
Is 6953227111 a composite number?
False
Is 154661743 composite?
True
Is 197474780117 prime?
True
Is 190559269 a prime number?
True
Is 537292663 prime?
True
Is 689944687 a prime number?
True
Is 7381894723 composite?
True
Is 75182903 prime?
True
Is 73851218459 composite?
False
Is 670544026 composite?
True
Is 36567409289 composite?
True
Is 235550591 a prime number?
True
Is 151791752999 a composite number?
True
Is 91326644859 a composite number?
True
Is 115870383803 prime?
True
Is 299139121 a prime number?
False
Is 4220308649 a composite number?
True
Is 862209419 a composite number?
False
Is 168512263 a prime number?
True
Is 5304847397 a prime number?
False
Is 7610221303 composite?
False
Is 500310409 prime?
True
Is 5537497909 prime?
True
Is 298399979 composite?
True
Is 2913222623 composite?
False
Is 541517287 composite?
False
Is 41214898385 a prime number?
False
Is 12858262379 prime?
False
Is 1727517359 a composite number?
False
Is 12166407931 prime?
True
Is 767489 a prime number?
True
Is 9578321563 a prime number?
True
Is 32369502713 a composite number?
False
Is 247570463 a prime number?
False
Is 2654338727 composite?
True
Is 16618879649 prime?
True
Is 252510079 composite?
False
Is 54463943801 a composite number?
False
Is 22052522243 prime?
False
Is 33578225269 prime?
False
Is 1474179134 prime?
False
Is 17354493193 a composite number?
True
Is 23601277639 prime?
True
Is 33759767141 a composite number?
True
Is 4338905953 composite?
False
Is 1815112951 a prime number?
False
Is 306069567757 composite?
True
Is 8714948203 a prime number?
False
Is 80371117 prime?
True
Is 4345105903 a prime number?
False
Is 268947605 prime?
False
Is 6302194909 prime?
True
Is 2901020461 composite?
True
Is 77633243 a composite number?
False
Is 424086205 a composite number?
True
Is 779350067 prime?
False
Is 235511709 a composite number?
True
Is 14149922819 prime?
True
Is 18863883589 prime?
True
Is 8373741157 a prime number?
False
Is 1161099781 a prime number?
True
Is 436206307 a prime number?
True
Is 1521467219 a prime number?
True
Is 139187544919 a prime number?
True
Is 138318809 composite?
True
Is 574945247 composite?
False
Is 48850271209 a prime number?
True
Is 1752874685 composite?
True
Is 2901497911 composite?
True
Is 9723886043 a composite number?
False
Is 197273947177 composite?
True
Is 16763725291 a prime number?
True
Is 21533664967 a prime number?
False
Is 4185121991 a prime number?
False
Is 39738728643 composite?
True
Is 2733585457 a composite number?
False
Is 104314422593 composite?
True
Is 26120294269 composite?
False
Is 1398763715 a prime number?
False
Is 5975242261 a prime number?
False
Is 105638142383 a composite number?
False
Is 101639897033 composite?
False
Is 258898243 composite?
True
Is 1961601503 composite?
False
Is 931121291 a prime number?
True
Is 3276009655 composite?
True
Is 7731587 a prime number?
False
Is 22157280317 a composite number?
True
Is 16300885301 composite?
False
Is 7397287439 prime?
False
Is 3039702571 prime?
True
Is 120484487 prime?
False
Is 3944232037 a composite number?
True
Is 6237727829 a composite number?
False
Is 152157743 a composite number?
False
Is 494771839 a prime number?
True
Is 653701487 a composite number?
True
Is 2004103379 prime?
True
Is 7389068417 a prime number?
True
Is 34272036031 a composite number?
False
Is 6554561041 a prime number?
False
Is 287288777 a composite number?
False
Is 2029584071 prime?
False
Is 823804491 prime?
False
Is 4207539317 a prime number?
False
Is 3188871967 a prime number?
False
Is 73964664581 composite?
True
Is 46064569039 a prime number?
True
Is 81336938303 a composite number?
False
Is 32219756699 a prime number?
False
Is 65622202169 composite?
True
Is 27900686417 a composite number?
False
Is 12713454937 composite?
True
Is 65651880887 a prime number?
False
Is 89808137863 a composite number?
True
Is 5422134979 composite?
False
Is 6716161783 composite?
False
Is 291811307 prime?
False
Is 447448549 composite?
False
Is 309155771 prime?
True
Is 41754189317 a composite number?
False
Is 694245121 composite?
False
Is 1629005999 a composite number?
False
Is 1985519791 prime?
True
Is 19690608869 a prime number?
True
Is 5286139229 prime?
False
Is 3033691811 a prime number?
True
Is 346818677 a composite number?
False
Is 260991193 a composite number?
False
Is 11020085701 composite?
True
Is 24880326833 a prime number?
False
Is 3877751113 a composite number?
False
Is 6422567351 a prime number?
True
Is 666698321 a composite number?
True
Is 267791971 a prime number?
F